 946684900?
2, 5, 7, 193201
List the prime factors of 2452408330.
2, 5, 245240833
List the prime factors of 42249075.
3, 5, 11, 83, 617
What are the prime factors of 216842949?
3, 24093661
List the prime factors of 151054931.
239, 632029
What are the prime factors of 391436520?
2, 3, 5, 113, 28867
List the prime factors of 82198337.
13, 127, 49787
List the prime factors of 1658296040.
2, 5, 41457401
List the prime factors of 483188607.
3, 11, 109, 44777
List the prime factors of 57088758.
2, 3, 9514793
List the prime factors of 2857280554.
2, 211, 6770807
What are the prime factors of 586817453?
2591, 226483
What are the prime factors of 48175053?
3, 3001, 5351
What are the prime factors of 342769029?
3, 347, 329269
What are the prime factors of 113428794?
2, 3, 17, 1112047
List the prime factors of 2010513422.
2, 1297, 775063
List the prime factors of 194618032.
2, 7, 1737661
What are the prime factors of 31570734?
2, 3, 13, 17, 29, 821
List the prime factors of 435302845.
5, 87060569
What are the prime factors of 2259770999?
23, 98250913
What are the prime factors of 49477484?
2, 7, 1767053
List the prime factors of 1628140655.
5, 53, 6143927
What are the prime factors of 422852201?
19, 1811, 12289
List the prime factors of 103067593.
103067593
List the prime factors of 199729543.
13, 131, 117281
List the prime factors of 563031644.
2, 7, 719, 27967
List the prime factors of 2009749348.
2, 661, 760117
List the prime factors of 67109600.
2, 5, 149, 563
What are the prime factors of 138368127?
3, 19, 673, 3607
What are the prime factors of 2411530732?
2, 13, 67, 173, 4001
List the prime factors of 90354480.
2, 3, 5, 376477
What are the prime factors of 853795621?
7, 121970803
List the prime factors of 426884398.
2, 167, 1278097
What are the prime factors of 82676663?
281, 294223
List the prime factors of 21980474.
2, 10990237
What are the prime factors of 836140604?
2, 13, 16079627
What are the prime factors of 1038830456?
2, 129853807
List the prime factors of 784286658.
2, 3, 1439, 10093
List the prime factors of 238223424.
2, 3, 109, 11383
What are the prime factors of 4262471?
97, 43943
List the prime factors of 15881814.
2, 3, 13, 67, 1013
What are the prime factors of 97527810?
2, 3, 5, 17, 191231
List the prime factors of 2010111316.
2, 347, 1448207
List the prime factors of 161916617.
161916617
What are the prime factors of 32525371?
2153, 15107
What are the prime factors of 64470004?
2, 79, 204019
List the prime factors of 8409489.
3, 11, 254833
What are the prime factors of 400085564?
2, 83, 14519
List the prime factors of 61860490.
2, 5, 6186049
What are the prime factors of 214107768?
2, 3, 7, 424817
List the prime factors of 588277912.
2, 73534739
What are the prime factors of 12775129?
1117, 11437
What are the prime factors of 41422276?
2, 7, 389, 3803
List the prime factors of 8724551519.
79, 110437361
List the prime factors of 10823591.
109, 911
List the prime factors of 120107964.
2, 3, 53, 127, 1487
What are the prime factors of 1878156344?
2, 234769543
What are the prime factors of 5316770982?
2, 3, 886128497
What are the prime factors of 83593168?
2, 5224573
List the prime factors of 432403576.
2, 11, 4913677
What are the prime factors of 1216425137?
17957, 67741
What are the prime factors of 89534485?
5, 17906897
What are the prime factors of 425202738?
2, 3, 70867123
What are the prime factors of 1195842052?
2, 109, 2742757
List the prime factors of 740419600.
2, 5, 79, 23431
What are the prime factors of 43733362?
2, 173, 126397
List the prime factors of 2612338854.
2, 3, 435389809
List the prime factors of 987724009.
987724009
What are the prime factors of 69259605?
3, 5, 53, 87119
What are the prime factors of 5383567006?
2, 2691783503
List the prime factors of 6787101.
3, 2262367
List the prime factors of 436159766.
2, 7, 31154269
What are the prime factors of 219342580?
2, 5, 61, 163, 1103
What are the prime factors of 3013922576?
2, 7, 19, 23, 463
What are the prime factors of 18076778?
2, 101, 109, 821
List the prime factors of 385939577.
43, 8975339
What are the prime factors of 26861605?
5, 5372321
What are the prime factors of 6604709275?
5, 59, 4477769
What are the prime factors of 107396904?
2, 3, 1103, 4057
List the prime factors of 523788798.
2, 3, 13, 23, 37, 607
List the prime factors of 205918093.
17, 101, 119929
List the prime factors of 30578929.
30578929
What are the prime factors of 219720884?
2, 43, 563, 2269
What are the prime factors of 393165524?
2, 1613, 60937
What are the prime factors of 2352526522?
2, 1176263261
What are the prime factors of 810327314?
2, 19, 241, 4657
What are the prime factors of 2209715410?
2, 5, 7, 373, 84631
What are the prime factors of 7241390?
2, 5, 13, 53, 1051
List the prime factors of 68519669.
2549, 26881
List the prime factors of 110385506.
2, 7, 11, 716789
What are the prime factors of 2083644391?
2083644391
What are the prime factors of 1296463490?
2, 5, 7, 18520907
What are the prime factors of 4867783388?
2, 13, 23, 313081
What are the prime factors of 5825585949?
3, 43, 61, 740321
List the prime factors of 33590592.
2, 3, 7, 2777
List the prime factors of 30974542.
2, 15487271
List the prime factors of 246878911.
37, 991, 6733
What are the prime factors of 98125446?
2, 3, 193, 84737
List the prime factors of 87829536.
2, 3, 914891
What are the prime factors of 1410049253?
1410049253
List the prime factors of 237771798.
2, 3, 11, 31, 251, 463
What are the prime factors of 125585549?
109, 1152161
List the prime factors of 418473444.
2, 3, 34872787
What are the prime factors of 2347683525?
3, 5, 11, 173, 5483
List the prime factors of 171436813.
71, 263, 9181
List the prime factors of 1290965655.
3, 5, 7, 12294911
List the prime factors of 72550991.
72550991
List the prime factors of 1081612467.
3, 13, 23, 133979
What are the prime factors of 964664406?
2, 3, 151, 257, 1381
List the prime factors of 265179567.
3, 29, 3048041
List the prime factors of 112042793.
112042793
What are the prime factors of 455787009?
3, 50643001
List the prime factors of 205626982.
2, 11, 37, 157, 1609
What are the prime factors of 60721868?
2, 167, 90901
List the prime factors of 64077177.
3, 19, 229, 4909
List the prime factors of 1441115200.
2, 5, 7, 223, 577
List the prime factors of 14865255.
3, 5, 29, 3797
List the prime factors of 1624571321.
37, 43907333
List the prime factors of 92625327.
3, 10291703
What are the prime factors of 3474591830?
2, 5, 23, 15106921
What are the prime factors of 401256495?
3, 5, 197, 45263
What are the prime factors of 126440277?
3, 42146759
List the prime factors of 142580281.
47, 1129, 2687
List the prime factors of 9853923.
3, 43, 76387
List the prime factors of 158835738.
2, 3, 113, 234271
What are the prime factors of 11621907?
3, 11, 109, 359
What are the prime factors of 413822299?
11, 19, 180001
What are the prime factors of 870060198?
2, 3, 7, 19, 31, 35171
List the prime factors of 28104813.
3, 11, 31543
What are the prime factors of 128028771?
3, 13, 1094263
What are the prime factors of 89270018?
2, 19, 31, 75781
List the prime factors of 754129617.
3, 47, 83, 64439
What are the prime factors of 13599360?
2, 3, 5, 787
List the prime factors of 76257622.
2, 7, 41, 18979
What are the prime factors of 22507180?
2, 5, 1125359
What are the prime factors of 50348765?
5, 19, 529987
List the prime factors of 121075487.
13, 43, 16661
List the prime factors of 609799230.
2, 3, 5, 23, 97, 3037
List the prime factors of 320271630.
2, 3, 5, 7, 37, 47, 877
What are the prime factors of 3198627678?
2, 3, 31, 1297, 13259
List the prime factors of 29946572.
2, 421, 17783
What are the prime factors of 9679226?
2, 4839613
What are the prime factors of 446390933?
797, 560089
List the prime factors of 299973354.
2, 3, 49995559
List the prime factors of 1972990.
2, 5, 197299
What are the prime factors of 76667132?
2, 179, 107077
What are the prime factors of 37682839?
199, 189361
What are the prime factors of 798834190?
2, 5, 7, 11, 1037447
List the prime factors of 55294421.
7, 13, 17, 31, 1153
What are the prime factors of 1807073438?
2, 839, 1076921
List the prime factors of 58088859.
3, 829, 23357
What are the prime factors of 91692954?
2, 3, 29, 26